
2, 3
Suppose 0 = -n + 2*n - 7. Suppose -i = -n + 2. List the prime factors of i.
5
Let x(b) = b**2 + b. Let r be -1 + -1 + 3/1. Let p(g) = -2*g**2 - 8*g - 2. Let o(h) = r*p(h) + x(h). What are the prime factors of o(-5)?
2
Suppose 5*u = -5*f + 25 - 5, 2*f + 3*u - 9 = 0. Let n(j) = 0*j - 1 + 0 - f*j. List the prime factors of n(-1).
2
Suppose 3*n = u - 3, 2*u = -0*u - 3*n - 12. List the prime factors of (-6)/(-9)*u/(-1).
2
Let v(m) = 33*m**2 + m + 4. List the prime factors of v(2).
2, 3, 23
Let m = 47 - 28. What are the prime factors of m?
19
List the prime factors of 826/4 - 3/6.
2, 103
Let t = -3 + 5. Suppose 0 = -2*r, 3*x + r - t*r = 30. List the prime factors of x.
2, 5
Let g be 2/5 - (-8)/5. What are the prime factors of 2 + (g - 1) + 25?
2, 7
Suppose w = -o + 3, -o + 2*w = -6*o + 18. Suppose -r - o*r = 0. Suppose r = -l + 2*l - 8. What are the prime factors of l?
2
Let k = -7 - -6. Let p be (-1)/((-4 + 3)*k). What are the prime factors of (-2 + p)/(3/(-2))?
2
What are the prime factors of (-364)/(-8) + 6/(-4)?
2, 11
Let l(d) = 1. Let a(w) = -w - 2. Let n(y) = a(y) + l(y). List the prime factors of n(-4).
3
Let m(p) = 0*p + p - 2*p - 6 + 4*p. List the prime factors of m(16).
2, 3, 7
Let w = 61 + 6. Suppose 13 - w = -3*c. Let l = -10 + c. List the prime factors of l.
2
Let p(v) be the second derivative of v**4/4 - 7*v**3/6 + 5*v**2/2 + 10*v. What are the prime factors of p(4)?
5
Let n(t) = 2*t - 4. Let c be n(3). Suppose -c*k + 5*i = -34, -i = 2*i + 12. Suppose k = o - 1. List the prime factors of o.
2
What are the prime factors of 3 + 7 + 4/(-2)?
2
Let z(v) = 0*v - 1 - 6*v + 4*v. List the prime factors of z(-2).
3
Suppose 4*r = 5*r + 3*i - 63, 0 = 5*r + 5*i - 305. List the prime factors of r.
2, 3, 5
Suppose 4*n + 2*i = -3 + 9, -9 = -3*n + 3*i. Suppose 38 = n*x + m - 3*m, -2*x - 2*m + 26 = 0. List the prime factors of x.
2
Let y(h) = -h**2 + 5*h + 2. Let i be y(4). Let a(r) = r**2 - 5*r - 3. What are the prime factors of a(i)?
3
Let f(x) = x**3 - x**2 + x + 2. Let j be f(0). Suppose -j*z + 2 = -2. What are the prime factors of z?
2
Let m(p) = p**2 - p - 3. Let r be m(3). Suppose 0 = -3*w + 12, -2*w = a - r*w - 10. Suppose -3*n + n = -a. List the prime factors of n.
7
List the prime factors of ((-1441)/44)/(2/(-8)).
131
Suppose -6*w = -w + a - 116, 2*w - 51 = -5*a. List the prime factors of w.
23
Let a(l) = -2*l + 25. List the prime factors of a(11).
3
Let y(u) = u**2 - u - 1. Let q(b) = -26*b**2 + 7*b + 7. Let v(i) = -q(i) - 6*y(i). List the prime factors of v(-1).
2, 5
Suppose 0*k - 3*k = 2*n - 13, -3*n = -2*k. Suppose 3*p - n*p - 25 = -2*y, -y - 4*p - 5 = 0. What are the prime factors of y?
3, 5
Suppose 4*b + 68 = 2*b. Let t = -10 - b. What are the prime factors of t?
2, 3
Suppose t - 5 = 0, 4*x - 5*t + 10 = -3*t. Suppose -45 - 3 = -4*b - 2*n, -5*b - 4*n + 54 = x. Suppose b = 2*m - m. What are the prime factors of m?
2, 7
Let d(s) = 3*s - 6. Let u be (12/9)/(6/9). Suppose 2*t - 6 = u. What are the prime factors of d(t)?
2, 3
Let g = -43 + 76. What are the prime factors of g?
3, 11
Suppose 4*g = -z - 0*g + 59, 5*g = -20. Let q = z + -37. Suppose -q = -5*l - 2*r, 5*r - 42 + 15 = -4*l. List the prime factors of l.
2
Let n(f) = f + 20. Let u be n(0). What are the prime factors of u/(-8)*(-8)/5?
2
Let x = 5 - -5. Let o(v) = v**3 - 10*v**2 + v + 8. List the prime factors of o(x).
2, 3
Suppose 11*v = 8*v + 360. List the prime factors of v.
2, 3, 5
Suppose -j = 4*c - 125, 155 = 5*c - j + 2*j. Let q = 75 - c. List the prime factors of q.
3, 5
Let i(d) = 5*d**2 + 4*d - 6. Let g(l) = 5*l**2 + 5*l - 7. Let x(y) = -4*g(y) + 5*i(y). List the prime factors of x(-2).
2, 3
Let l(b) = 3*b**3 - 2*b**2 - 2. Let s be l(2). Suppose 3*r + 5 = s. What are the prime factors of r?
3
Let f be -2 + 4 - (0 - 0). Suppose -2*a = -q + 9 + 3, 0 = 3*q + f*a - 4. Suppose -25 = -y - q*y. What are the prime factors of y?
5
Suppose 2*u = u. Suppose u = -2*t - 36 + 118. List the prime factors of t.
41
Let y(j) = -2*j**3 - 2*j**2 - 10*j. Let b(m) = m**3 + 3*m**2 + 9*m + 1. Let q(h) = 3*b(h) + 2*y(h). Let i = 3 + 3. List the prime factors of q(i).
3
Suppose 2*s = 6*s. Suppose s*q + 33 = 3*q. Suppose -x + 5*k - q = 2*x, -k + 4 = 0. List the prime factors of x.
3
Let x(m) = m**3 + m**2 + 2*m + 61. What are the prime factors of x(0)?
61
List the prime factors of (0 - (0 - -35))*-1.
5, 7
List the prime factors of (-5)/5 - (-258)/(-1 - -4).
5, 17
Let x(g) = -13*g - 1. Let k be x(1). Let i = k - -16. What are the prime factors of i?
2
Suppose j = 13 - 3. Let y be 12/(-10)*(-60)/8. Suppose t - 2*r = j, r = 2*t - 2 - y. List the prime factors of t.
2
Let f = 343 + -145. What are the prime factors of f?
2, 3, 11
Let b(m) = -m**2 - 10*m - 4. Let t be b(-8). Suppose 3*z - 2*z = t. What are the prime factors of z?
2, 3
Suppose -12 - 8 = -5*o. Let d(k) = k + 14. Let a be d(0). Suppose -n + 2*m = n - a, 49 = 3*n + o*m. List the prime factors of n.
11
Let l(n) be the third derivative of n**4/24 + 10*n**3/3 + 4*n**2. What are the prime factors of l(-9)?
11
Let j be 15/(-10)*3*-2. Suppose 4*n = n + 5*w + 29, 3*w + j = -n. Let y = n + -1. List the prime factors of y.
2
Let n be (8/10)/(8/100). What are the prime factors of (-2)/5 - (-154)/n?
3, 5
Let x = 15 - -382. List the prime factors of x.
397
Let b be 5*(-1)/(-4)*-20. Let g = -88 - -124. Let z = g + b. List the prime factors of z.
11
Let a = -135 - -228. What are the prime factors of a?
3, 31
Suppose 8*q - 4 = 252. What are the prime factors of q?
2
Let a(x) = -2*x**3 - 5*x**2 - 2*x + 2. List the prime factors of a(-3).
17
Suppose h + 9 = b, 0 = 2*b - h + 2 - 15. Suppose -3 = b*s - 23. What are the prime factors of s?
5
Let h be -3 + 2 + 1 + -6. Let z(s) = -s**3 + 5*s**2 + 7*s - 4. Let l be z(6). List the prime factors of (8 - l)/(h/(-8)).
2
Let v(a) = -2*a**3 + 8 + 5*a + 2*a**3 - 13*a**2 + 4*a**2 - a**3. What are the prime factors of v(-10)?
2, 29
Suppose -55 = -m - m + f, -f = 5*m - 155. List the prime factors of m.
2, 3, 5
Let m(c) = -8*c + 78. List the prime factors of m(-5).
2, 59
Suppose 3*l + l - 68 = -2*k, -3*k - 2*l = -102. What are the prime factors of k?
2, 17
Suppose 11 = -u + 81. Suppose 2*p + 12 = u. What are the prime factors of p?
29
Let a = 132 + -52. List the prime factors of a.
2, 5
Let y = 73 + -24. List the prime factors of y.
7
Let k(n) = -2*n**3 - 9*n**2 - 11*n - 2. Let g(m) = m**3 - m**2 - m. Let l(c) = -3*g(c) - k(c). List the prime factors of l(13).
3, 5
Suppose -5*b - 24 = 2*g, -g = -5*b + g - 36. Let a(z) = -z**2 - 6*z + 5. What are the prime factors of a(b)?
5
Suppose m = -m + 54. Let t = -69 + m. Let r = 60 + t. What are the prime factors of r?
2, 3
Let c(m) = -m**2 + 4*m + 2. Let o be c(5). What are the prime factors of (o/9)/((-2)/102)?
17
Suppose -m = -0 - 2. Let g be ((-8)/2)/m - -7. Suppose -g*j + 5*w = -6 - 74, w = 2*j - 32. List the prime factors of j.
2
Suppose -2*f + 5*w - 67 = -5*f, -5*f + 97 = w. List the prime factors of f.
19
Let q(x) = 11*x**2 - 8*x + 23. What are the prime factors of q(4)?
167
Let z be (-7)/(1 + 0 - 2). Suppose -3*l - 12 = -z*l. Suppose -2*f + l = -1. What are the prime factors of f?
2
Suppose -2*x + 72 = -4*b, -b = -2*x + b + 76. Let k = x + -23. What are the prime factors of k?
17
Let b(j) = -80*j + 2. List the prime factors of b(-1).
2, 41
Suppose -4*z + 100 = 4*x, 4*x = -0*x - 5*z + 103. List the prime factors of x.
2, 11
Suppose -2*r - 3*r = -5*g - 115, -4*r - 5*g = -110. Suppose 0 = 2*p - 1 - r. What are the prime factors of p?
13
Suppose t + 2*t = 345. What are the prime factors of (-4)/(-16) + t/4?
29
Let a(i) = i**3 - i**2 + 5*i - 8. List the prime factors of a(4).
2, 3, 5
Let v = -21 + 12. Let t = -9 - v. Suppose t*x - 5*x + 90 = 0. What are the prime factors of x?
2, 3
Let p(t) be the first derivative of -t**4/4 - 2*t**3 - 3*t**2 + t - 7. List the prime factors of p(-6).
37
Suppose -3*r - 4*t = -23, 0 = -2*r - r - 2*t + 19. What are the prime factors of r?
5
Suppose 5*z - f - 878 = 0, 0 = f - 5 + 3. What are the prime factors of z?
2, 11
Suppose -22*t + 21*t = -16. List the prime factors of t.
2
Suppose -j - 2*o - 4 = 0, 0 = -4*j + 5*o + 22 + 1. Let x(r) = -r - 8 + j - r. What are the prime factors of x(-7)?
2
Let z(j) = -j**2 - 5*j + 2. Let n be z(-5). Suppose -